prime?
True
Is 1125223 a prime number?
False
Is 396119 composite?
False
Is 342047 prime?
True
Is 7627357 prime?
True
Is 157047803 prime?
False
Is 66294593 a composite number?
False
Is 46592201 prime?
True
Is 41621551 a composite number?
True
Is 549595687 composite?
False
Is 17698873 a prime number?
False
Is 30161531 prime?
False
Is 36808117 prime?
True
Is 1043563 a composite number?
True
Is 9489611 a composite number?
False
Is 28770743 prime?
False
Is 46134041 composite?
True
Is 451548863 a prime number?
True
Is 370981003 a prime number?
False
Is 133151 a composite number?
True
Is 59775629 composite?
False
Is 25021661 a composite number?
True
Is 138716491 composite?
False
Is 426177667 a prime number?
True
Is 8103349 a prime number?
True
Is 19079969 a composite number?
False
Is 723331 a prime number?
False
Is 7398561 a composite number?
True
Is 6716191 composite?
False
Is 12143561 a prime number?
True
Is 17679478 a composite number?
True
Is 53534605 a prime number?
False
Is 495877 composite?
False
Is 143948479 prime?
False
Is 549071 a composite number?
False
Is 2185559 a prime number?
False
Is 22849373 composite?
True
Is 5987221 a composite number?
False
Is 7965907 composite?
False
Is 225619921 composite?
False
Is 11562097 a prime number?
False
Is 352918897 composite?
True
Is 17381509 composite?
True
Is 97692261 composite?
True
Is 3798499 composite?
True
Is 94897 a prime number?
False
Is 19412843 a composite number?
False
Is 455475113 a composite number?
False
Is 27955223 a prime number?
True
Is 2183953 a composite number?
False
Is 14856871 a composite number?
False
Is 3277483 a prime number?
False
Is 389461523 a prime number?
False
Is 1057762003 a prime number?
False
Is 13166713 a prime number?
False
Is 17671471 composite?
False
Is 153247 a composite number?
False
Is 11573531 composite?
True
Is 1148650727 prime?
False
Is 2071139 prime?
False
Is 5824571 a prime number?
True
Is 246021883 a prime number?
False
Is 13185941 composite?
True
Is 547471 a prime number?
True
Is 330561355 a composite number?
True
Is 174990011 a composite number?
True
Is 810089 a composite number?
True
Is 110386787 a composite number?
True
Is 4044067 a prime number?
False
Is 10701467 composite?
True
Is 22923377 prime?
True
Is 44017 prime?
True
Is 214559 composite?
False
Is 38777417 prime?
False
Is 1151419327 a prime number?
True
Is 341447 a composite number?
False
Is 116251 a composite number?
True
Is 825947 a prime number?
True
Is 14991721 a composite number?
True
Is 44499751 prime?
True
Is 27245217 composite?
True
Is 62516053 composite?
True
Is 1688111 prime?
False
Is 9020747 a composite number?
False
Is 758929 a composite number?
False
Is 10523651 prime?
False
Is 2050585 a composite number?
True
Is 122123 composite?
True
Is 8840509 a composite number?
False
Is 7492577 composite?
True
Is 12170819 a composite number?
True
Is 3259651 prime?
False
Is 409541411 composite?
False
Is 64611791 prime?
False
Is 45691721 prime?
True
Is 25627577 a composite number?
False
Is 3252299 a composite number?
False
Is 596353 a prime number?
False
Is 188563997 a composite number?
False
Is 181807183 a composite number?
False
Is 8389123 a prime number?
True
Is 33943681 a composite number?
False
Is 39858617 a prime number?
True
Is 1156067 prime?
False
Is 408557011 a prime number?
False
Is 1894705 a composite number?
True
Is 66265697 prime?
True
Is 452039 a prime number?
False
Is 343237 prime?
True
Is 3709257 composite?
True
Is 5504953 a prime number?
False
Is 18362965 a composite number?
True
Is 56700487 composite?
True
Is 22023723 prime?
False
Is 188843401 composite?
True
Is 152285173 prime?
True
Is 111383437 prime?
False
Is 128125126 prime?
False
Is 48952003 composite?
False
Is 2578327 composite?
True
Is 417859807 a prime number?
True
Is 111134123 prime?
True
Is 99222473 composite?
True
Is 212433899 a prime number?
True
Is 1467809 a prime number?
False
Is 14258909 a composite number?
True
Is 69648247 composite?
False
Is 1447717 prime?
True
Is 57666859 a prime number?
False
Is 66595303 a composite number?
True
Is 1263517 composite?
True
Is 22182631 prime?
False
Is 14499503 prime?
True
Is 898532047 a prime number?
False
Is 4050169 composite?
True
Is 1371179 a prime number?
True
Is 401320291 a composite number?
True
Is 86395873 prime?
True
Is 493184351 composite?
True
Is 103323257 a composite number?
False
Is 305798783 a prime number?
True
Is 820959593 composite?
False
Is 87933 a composite number?
True
Is 21983777 a composite number?
True
Is 47547833 a composite number?
False
Is 28607257 composite?
True
Is 4422527 prime?
True
Is 3182681 prime?
False
Is 240481173 a prime number?
False
Is 1098509 prime?
True
Is 178986151 a prime number?
False
Is 9236477 prime?
True
Is 1825559 a composite number?
True
Is 35851759 a composite number?
True
Is 752407 a prime number?
False
Is 558358973 a prime number?
True
Is 36899423 a prime number?
False
Is 19762649 prime?
True
Is 625477 a composite number?
False
Is 3029665 a prime number?
False
Is 12500311 composite?
True
Is 13176407 composite?
False
Is 7330703 composite?
False
Is 29832313 a composite number?
True
Is 302123 a prime number?
True
Is 37121923 a composite number?
False
Is 1362257 composite?
True
Is 31116377 composite?
False
Is 82853789 a composite number?
False
Is 36331921 a prime number?
False
Is 2328029 a composite number?
True
Is 37927271 prime?
True
Is 1004730533 prime?
False
Is 134028137 prime?
True
Is 4192663 a composite number?
True
Is 72869627 a prime number?
False
Is 92443639 a composite number?
False
Is 1560953 a composite number?
False
Is 2233489 a composite number?
False
Is 39667799 composite?
True
Is 1619663 composite?
False
Is 16319003 prime?
True
Is 190600759 a composite number?
True
Is 43469581 a composite number?
False
Is 404021 composite?
False
Is 2552477 prime?
True
Is 180307 prime?
True
Is 65109101 prime?
False
Is 3266707 prime?
True
Is 1269311 a prime number?
True
Is 78148657 a prime number?
True
Is 4331711 a composite number?
False
Is 180892473 prime?
False
Is 1049017703 composite?
False
Is 13575791 composite?
True
Is 935243 a composite number?
False
Is 42321907 a prime number?
True
Is 39574451 a composite number?
True
Is 28762271 a prime number?
False
Is 138049 a prime number?
False
Is 82303405 a prime number?
False
Is 2870563 composite?
True
Is 11712101 a prime number?
False
Is 13359509 a composite number?
False
Is 681281 a composite number?
True
Is 3206191 a composite number?
True
Is 244256173 a composite number?
True
Is 53189627 prime?
True
Is 73499383 composite?
False
Is 6815533 a prime number?
True
Is 4548419 prime?
True
Is 15241991 a prime number?
False
Is 1665061 a prime number?
True
Is 4134917 a prime number?
False
Is 33896843 composite?
True
Is 867282857 a prime number?
False
Is 12498551 composite?
True
Is 100617473 a composite number?
True
Is 68971223 a composite number?
True
Is 5769769 a prime number?
True
Is 10234231 prime?
False
Is 5429981 a composite number?
False
Is 7316347 a composite number?
True
Is 11006069 prime?
True
Is 2409769 composite?
False
Is 56381 composite?
True
Is 9630703 a prime number?
True
Is 126670657 a composite number?
False
Is 119409061 composite?
False
Is 268403 prime?
True
Is 29007481 composite?
False
Is 612142673 a prime number?
True
Is 199216469 a composite number?
True
Is 14941639 composite?
False
Is 222383 composite?
True
Is 8894527 a prime number?
False
Is 2295157 a prime number?
False
Is 754619 prime?
False
Is 17524301 prime?
True
Is 65963866 composite?
True
Is 577332187 composite?
False
Is 485 prime?
False
Is 4188439 a prime number?
False
Is 3011207 prime?
False
Is 168848843 composite?
False
Is 183269 a prime number?
False
Is 33916391 composite?
False
Is 2980597 a composite number?
True
Is 13229477 composite?
False
Is 1300669 a prime number?
True
Is 72546379 prime?
False
Is 58488394 composite?
True
Is 374603 composite?
False
Is 78275035 prime?
False
Is 4706011 a composite number?
False
Is 3630579 a composite number?
True
Is 85557227 a prime number?
False
Is 4658471 a composite number?
True
Is 1400801 composite?
False
Is 481919423 a prime number?
True
Is 601458511 composite?
True
Is 11243137 composite?
True
Is 155826703 prime?
True
Is 14645674 prime?
False
Is 346949366 a prime numbe